3
Suppose 2*w - z = 4*z + 338, 0 = -2*w - 4*z + 374. Let i = w - 325. Let m = -101 - i. What is the tens digit of m?
4
Let r(n) = n**3 - 3*n**2 + 7*n - 11. Let c be r(-7). Let a = 810 + c. What is the hundreds digit of a?
2
Suppose 6 = 4*p - 2*p. Let s be (1 - p)*(-1 - 0). Suppose -4*w - 12 = -5*l, 0 = l - s*l - 2*w + 8. What is the units digit of l?
4
What is the hundreds digit of ((-25)/10)/5*451*-2?
4
Suppose 4*h + 2*p + 3*p = -560, -2*h - 4*p = 280. Let x = 288 + h. What is the hundreds digit of x?
1
Suppose 2*r + 13 - 95 = 0. Suppose 4*b - r = -5. Suppose -2*o = -b + 3. What is the units digit of o?
3
Let t be (-2 + 3)/((-1)/(-13)). Suppose 0 = 3*x + t + 5. What is the units digit of (98/(-42))/(2/x)?
7
Suppose 4557 = 5*s + 1412. What is the units digit of s?
9
Let u = -1944 + 5144. What is the thousands digit of u?
3
Let w = -38 - -21. Let f = 38 - w. What is the units digit of f?
5
Let d(t) be the first derivative of t**2 - 13*t + 12. What is the units digit of d(8)?
3
Suppose 3*x - 155 = 5*g - 1753, 982 = 3*g + 4*x. What is the hundreds digit of g?
3
Let u = 530 + -219. What is the units digit of u?
1
Suppose 4*u + 9035 = 28903. What is the hundreds digit of u?
9
Let c be -3 + (-7)/(35/(-15)). What is the units digit of (-2 + c)/(5 - 3831/765)?
5
Suppose 12*u - 9*u = -2*p + 2644, 4*u - 3*p - 3497 = 0. What is the tens digit of u?
7
Suppose 0 = 212*g - 208*g - 1980. What is the units digit of g?
5
Let v(g) = -g**3 + 16*g + 18. What is the tens digit of v(-8)?
0
Let c(p) = 11*p**2 + 200*p**3 + 23 - 4 - 201*p**3 - 2*p. Let r be c(11). Let l(m) = -11*m + 6. What is the units digit of l(r)?
9
Let p(t) = -1. Let s(g) = 17*g - 12. Let x(h) = -2*p(h) + s(h). Let u be x(4). Let r = u - 11. What is the units digit of r?
7
Let j(y) = 2*y**2 - 8*y + 8. Let z be j(4). Suppose 5*q + 5*i - z = 3*q, -2*q - 4 = -i. What is the units digit of -3 - (79 - q)/(-4)?
7
Suppose f + 4*z = 3*f - 3662, 1839 = f - 4*z. What is the tens digit of f?
2
Let v be -224*2/(1 + -3). Suppose -3*o = 2*y - y - v, -3*o + 227 = -2*y. What is the units digit of o?
5
Let l = -1583 - -2680. What is the units digit of l?
7
Let u(q) be the first derivative of 5*q**3/3 - 8*q**2 + 6*q - 24. What is the units digit of u(6)?
0
What is the thousands digit of (4*-1)/2*2919/(-3)?
1
Let d(b) = -b**3 - 4*b**2 + 12*b + 20. What is the units digit of d(-6)?
0
Let i be 2/(-5) + 0 + (-2064)/(-10). Suppose 0 = -2*s + i - 46. What is the tens digit of s?
8
Let r = -6 + 8. Suppose r*y = 3*y - 46. What is the units digit of y?
6
Let a = 268 - -1561. What is the tens digit of a?
2
Let y = -71 - -79. Suppose y*m - 752 = -72. What is the tens digit of m?
8
What is the tens digit of (21/(-14))/(12/(-36472))?
5
Let z = 7 - 7. Suppose -4*f - 2*f = z. Suppose f*d - d + 35 = 0. What is the units digit of d?
5
Let v be ((-2)/6*0)/(-1 - -2). Suppose v*n = n - 78. What is the units digit of n?
8
Let a(k) = -k - k - 8 - 1 - 3. Let q be a(-9). Suppose q*z + r = 3*z + 68, -76 = -3*z - 5*r. What is the tens digit of z?
2
Let v = 15 + -12. Suppose 27 = v*m - 3*z, -z + 9 = m + m. Suppose -3*t + 80 = 2*h - m*h, -t + 25 = -h. What is the units digit of t?
0
Let r(t) = -t**3 - 5*t**2 - 2*t - 5. Let i be r(-5). Suppose -3*y - 44 = -i*m, 19 + 9 = -5*y - 3*m. Let d(k) = k**2 + 6*k - 7. What is the units digit of d(y)?
9
Let w = -4 + 10. Suppose 4*y + 87 = -0*d + 5*d, 2*y + w = 0. What is the tens digit of d?
1
Let c(b) = -b**2 + 14*b + 3. Let t be c(13). Let a = 81 + t. What is the units digit of a?
7
Let y(o) = o + 6. Let p be y(4). Let g be 9/(-2)*1104/9. What is the tens digit of (-2)/p + g/(-10)?
5
Let x = -8 + 10. Let u(k) = k**2 + 2*k**2 - 2*k**3 - 2*k - 2 - 4*k**2 - 4*k**x. What is the tens digit of u(-4)?
5
Suppose 0 = w + 3*o - 395, 6*w - o + 1635 = 10*w. What is the hundreds digit of w?
4
Let w(x) = -1. Let h(p) = -7*p + 3. Let d(y) = -h(y) + 5*w(y). What is the tens digit of d(12)?
7
Suppose q = -3*i - 14, 0 = 2*q - 0*i - i. What is the units digit of q + (4/(-2) - -78) + -1?
3
Let v = 653 + 565. What is the tens digit of v?
1
Suppose 9*j = 608 + 337. What is the units digit of j?
5
Suppose -18*x = -16*x. Let k be (-4)/(6/(3 - x)). What is the tens digit of (k/(-4))/((-3)/(-228))?
3
Suppose 4*r = 4*j + 184, -r = 3*j + j - 31. Let x = r - 22. Suppose 4*t - x = 83. What is the tens digit of t?
2
Let f be (7/21)/(2/12). Suppose 0*m - m + f = 0. Suppose m*q = 4*x + 34, -x = -8*q + 4*q + 75. What is the units digit of q?
9
Let a(p) = p**3 + 5*p**2 + 5*p + 22. Let z be a(-5). What is the tens digit of z - 1525/(-15) - (-2)/(-3)?
9
Suppose 190 - 868 = -6*l. Let i = 135 - l. What is the tens digit of i?
2
Let t(o) = 128*o - 67*o - 2 - 66*o. What is the units digit of t(-15)?
3
Suppose -5*p - 4*i = -5207, 0 = i + 2*i + 6. What is the hundreds digit of p?
0
Let t = 460 + -100. What is the units digit of t?
0
Let a = 103 - 100. Suppose -573 = -a*l - 177. What is the units digit of l?
2
Let n be (-28)/(-112)*(-5 - -1). What is the units digit of (-1 + n)*1/(4/(-8))?
4
Let v be 1*2/(8/12). Suppose -v*y - 339 + 42 = 0. Let s = -57 - y. What is the units digit of s?
2
Let w = 152 + -75. Let g be -5 + -5 + 5 + 124. Let v = g - w. What is the tens digit of v?
4
Let v(o) = -2*o**3 + 9*o**2 + 16*o + 14. What is the thousands digit of v(-7)?
1
Let p(i) = -40*i - 174. What is the tens digit of p(-20)?
2
Suppose 3*h - 1014 = -3*a, -2*a + 1686 = 3*a + 3*h. Suppose -5*r + a = -2*r. Suppose r - 32 = 5*c. What is the units digit of c?
6
What is the hundreds digit of 25509/77 - 2/7?
3
Let i(z) = -90*z**3 + z - 4. Let s be i(-2). Suppose -2*c = -9*c + s. What is the hundreds digit of c?
1
Let m = -37 - -22. Let f be (-36)/8*10/m. What is the units digit of 216/10 - f/5?
1
Suppose 0 + 231 = o. Suppose -r - 2*r = -o. What is the tens digit of r?
7
Suppose -5*d - 2*d + 189 = 0. What is the units digit of d?
7
Let t = 136 - -95. What is the units digit of t?
1
Let v be (-1)/(((-21)/(-6))/(-7)). Let w(x) = x + 1. Let f be w(v). What is the units digit of ((-4)/f)/((-6)/54)?
2
Suppose 3*b - 2*m = 517, -5*b + 4*m - 6*m = -883. What is the units digit of b?
5
Suppose 0 = -2*z + 5*q + 24, 5*z - 9 = 4*q + 17. Suppose 0*r = -z*r + 10. Suppose -r*f = -4*b, f - 4 - 5 = -b. What is the units digit of b?
5
Suppose 0 = -3*a - a + 3*y - 62, -5*a + 3*y - 79 = 0. Let q(j) = j**3 + 18*j**2 + 17*j + 3. Let i be q(a). Suppose 6*p - 249 = -i. What is the units digit of p?
1
What is the units digit of (4/9)/(36/22194)?
4
Suppose 8*s - 3486 = -6*s. What is the units digit of s?
9
Suppose 6 = -4*q + 6*q. Suppose -2*m + 14 = -3*o, o = -q*m - 0*o + 32. What is the tens digit of m?
1
Let t be (-1)/(6/8)*-3. Suppose t*s = s + 12. Suppose 0 = -s*r + 19 + 73. What is the units digit of r?
3
Let g(p) = p**3 - 6*p**2 - 7*p - 5. What is the tens digit of g(13)?
8
Let q = 898 + -491. What is the hundreds digit of q?
4
Suppose -10*y = -21536 + 2356. What is the units digit of y?
8
Let u = -297 - -422. Suppose 6*a - a - u = 0. What is the units digit of a?
5
Let f = -1588 + 3103. What is the units digit of f?
5
Suppose 9 = 3*z - 63. Let o = -45 + z. Let f = 53 + o. What is the units digit of f?
2
Suppose -38*m + 40*m = 534. Let b = -177 + m. What is the units digit of b?
0
What is the units digit of -5*(648/(-30) + 3)?
3
Suppose -10 = -5*i + 15. Suppose -o + 124 = i*m, 0 = 4*o + o - 4*m - 765. What is the units digit of o?
9
What is the thousands digit of 171985/30 - 2/(-12)?
5
Let u = -221 + 635. What is the tens digit of u?
1
Let a(f) = -2*f**2 + 45*f - 19. Let x be a(22). What is the units digit of -3*x/(-3) - -160?
3
Let f(k) be the first derivative of 5*k**3/6 - 7*k**2/2 + k + 1. Let a(l) be the first derivative of f(l). What is the tens digit of a(5)?
1
Let f be 3/(-9)*(-8 - -2). Suppose -f*q + 5*q - 48 = 0. Suppose r + r = q. What is the units digit of r?
8
Let b(v) = 46*v - 1. Let g be b(1). Suppose 0 = -o - o. Suppose o = 2*r + 17 - g. What is the units digit of r?
4
Let h(u) = -2*u**3 + 18*u**2 + 2*u - 16. What is the units digit of h(9)?
2
Let r(g) = 39*g + 17. Suppose 0 = -y - 7 + 10. What is the hundreds digit of r(y)?
1
Let q = 13 - 10. Suppose 2*s + 3*s = -y + 225, q*s + y - 137 = 0. Suppose -m + s = m. What is the tens digit of m?
2
Suppose -3*m = 4*b -